ist the prime factors of 179887.
29, 6203
What are the prime factors of 741566?
2, 7, 23, 47
List the prime factors of 39997.
23, 37, 47
What are the prime factors of 1673625?
3, 5, 4463
What are the prime factors of 7997917?
19, 509, 827
What are the prime factors of 123545?
5, 24709
What are the prime factors of 1355430?
2, 3, 5, 45181
List the prime factors of 5240069.
5240069
List the prime factors of 20349.
3, 7, 17, 19
What are the prime factors of 1261426?
2, 630713
List the prime factors of 37941.
3, 12647
List the prime factors of 3223780.
2, 5, 7, 23027
List the prime factors of 36081801.
3, 7, 190909
List the prime factors of 945251.
17, 55603
List the prime factors of 126826.
2, 7, 9059
List the prime factors of 1567844.
2, 391961
What are the prime factors of 12266899?
12266899
List the prime factors of 223759.
223759
List the prime factors of 3718105.
5, 347, 2143
List the prime factors of 859423.
859423
What are the prime factors of 306643?
306643
List the prime factors of 260048.
2, 16253
List the prime factors of 96092.
2, 24023
What are the prime factors of 1271677?
11, 193, 599
What are the prime factors of 165441?
3, 55147
What are the prime factors of 1124357?
13, 6653
What are the prime factors of 6276468?
2, 3, 11, 17, 2797
What are the prime factors of 504660?
2, 3, 5, 13, 647
What are the prime factors of 404609?
401, 1009
List the prime factors of 21048498.
2, 3, 41, 3169
List the prime factors of 1025056.
2, 103, 311
What are the prime factors of 173146?
2, 86573
What are the prime factors of 669379?
669379
What are the prime factors of 378544?
2, 59, 401
List the prime factors of 172345.
5, 34469
List the prime factors of 416649.
3, 138883
What are the prime factors of 3802205?
5, 11, 73, 947
What are the prime factors of 1157266?
2, 11, 41, 1283
What are the prime factors of 883199?
151, 5849
List the prime factors of 2299687.
13, 176899
What are the prime factors of 18012578?
2, 9006289
List the prime factors of 2240995.
5, 448199
What are the prime factors of 511684?
2, 127921
List the prime factors of 10649492.
2, 7, 31, 12269
What are the prime factors of 7500770?
2, 5, 750077
What are the prime factors of 533731?
11, 401
List the prime factors of 329743.
199, 1657
List the prime factors of 167776.
2, 7, 107
List the prime factors of 93043.
19, 59, 83
What are the prime factors of 5797147?
19, 305113
What are the prime factors of 76260?
2, 3, 5, 31, 41
List the prime factors of 457145.
5, 13, 541
What are the prime factors of 193497?
3, 64499
What are the prime factors of 217631?
367, 593
List the prime factors of 41076.
2, 3, 7, 163
List the prime factors of 178734.
2, 3, 29789
What are the prime factors of 473531?
473531
What are the prime factors of 8887764?
2, 3, 401, 1847
What are the prime factors of 60541?
13, 4657
What are the prime factors of 8223736?
2, 367, 2801
List the prime factors of 1680449.
23, 73063
What are the prime factors of 309438?
2, 3, 17191
List the prime factors of 218206.
2, 109103
List the prime factors of 17853461.
17853461
List the prime factors of 490977.
3, 17, 3209
List the prime factors of 61321.
13, 53, 89
List the prime factors of 10739.
10739
What are the prime factors of 11658608?
2, 13, 23, 2437
What are the prime factors of 1087285?
5, 217457
What are the prime factors of 1026065?
5, 205213
List the prime factors of 224283.
3, 74761
List the prime factors of 256243.
13, 23, 857
List the prime factors of 1548039.
3, 47, 10979
What are the prime factors of 20891?
13, 1607
List the prime factors of 261290.
2, 5, 17, 29, 53
List the prime factors of 3262091.
7, 19, 24527
What are the prime factors of 214387?
17, 12611
What are the prime factors of 1338281?
7, 41, 4663
List the prime factors of 911469.
3, 13, 23371
List the prime factors of 4167343.
1471, 2833
What are the prime factors of 440819?
19, 23201
What are the prime factors of 13830679?
13830679
What are the prime factors of 1214749?
1214749
List the prime factors of 3569299.
79, 45181
List the prime factors of 1473960.
2, 3, 5, 71, 173
List the prime factors of 11635275.
3, 5, 155137
List the prime factors of 139173.
3, 23, 2017
What are the prime factors of 1045290?
2, 3, 5, 34843
What are the prime factors of 302005?
5, 11, 17, 19
List the prime factors of 958199.
11, 7919
List the prime factors of 134615.
5, 13, 19, 109
What are the prime factors of 831120?
2, 3, 5, 3463
List the prime factors of 5224372.
2, 17, 76829
List the prime factors of 837694.
2, 11, 13, 29, 101
List the prime factors of 6313229.
13, 83, 5851
List the prime factors of 1814937.
3, 17, 19, 1873
What are the prime factors of 158484?
2, 3, 47, 281
List the prime factors of 5922795.
3, 5, 61, 6473
List the prime factors of 11111035.
5, 13, 47, 3637
What are the prime factors of 1019843?
11, 23, 29, 139
List the prime factors of 318056.
2, 83, 479
List the prime factors of 64015.
5, 7, 31, 59
What are the prime factors of 11146496?
2, 43541
List the prime factors of 3480223.
17, 204719
What are the prime factors of 1667121?
3, 555707
What are the prime factors of 17659885?
5, 43, 82139
List the prime factors of 2722092.
2, 3, 19, 11939
What are the prime factors of 181463?
79, 2297
List the prime factors of 6239042.
2, 43, 72547
What are the prime factors of 629279?
7, 89897
List the prime factors of 117106.
2, 11, 5323
List the prime factors of 494666.
2, 17, 14549
What are the prime factors of 159575?
5, 13, 491
What are the prime factors of 880330?
2, 5, 11, 53, 151
What are the prime factors of 49586?
2, 24793
What are the prime factors of 2580491?
37, 97, 719
What are the prime factors of 4534639?
89, 50951
What are the prime factors of 1925329?
7, 275047
List the prime factors of 6267098.
2, 59, 173, 307
List the prime factors of 51963.
3, 17321
What are the prime factors of 364199?
11, 113, 293
List the prime factors of 812214.
2, 3, 13, 89
What are the prime factors of 10179038?
2, 5089519
List the prime factors of 8335490.
2, 5, 19, 2309
What are the prime factors of 7591?
7591
List the prime factors of 3699605.
5, 7, 13, 47, 173
List the prime factors of 15752792.
2, 11, 23, 43, 181
List the prime factors of 87274.
2, 11, 3967
What are the prime factors of 682670?
2, 5, 19, 3593
What are the prime factors of 6664505?
5, 557, 2393
List the prime factors of 244712.
2, 13, 181
What are the prime factors of 170084?
2, 101, 421
List the prime factors of 4916832.
2, 3, 51217
List the prime factors of 8632831.
8632831
What are the prime factors of 9176217?
3, 31, 98669
List the prime factors of 2238111.
3, 27631
What are the prime factors of 34245384?
2, 3, 1426891
List the prime factors of 8777034.
2, 3, 7, 41, 1699
What are the prime factors of 2032187?
179, 11353
What are the prime factors of 194784?
2, 3, 2029
List the prime factors of 34645.
5, 13, 41
List the prime factors of 6302754.
2, 3, 487, 719
List the prime factors of 5271.
3, 7, 251
List the prime factors of 33533108.
2, 7, 607, 1973
What are the prime factors of 695877?
3, 7, 13, 2549
What are the prime factors of 5268300?
2, 3, 5, 17, 1033
List the prime factors of 2070228.
2, 3, 172519
What are the prime factors of 655471?
655471
List the prime factors of 3282689.
3282689
What are the prime factors of 1609802?
2, 804901
What are the prime factors of 607689?
3, 71, 317
What are the prime factors of 5614886?
2, 2807443
List the prime factors of 9180195.
3, 5, 61, 79, 127
List the prime factors of 4042819.
11, 467, 787
List the prime factors of 4622699.
4622699
What are the prime factors of 183673?
7, 19, 1381
What are the prime factors of 1958021?
13, 150617
What are the prime factors of 3560781?
3, 7, 24223
What are the prime factors of 6900211?
19, 47, 7727
What are the prime factors of 1467013?
31, 37, 1279
List the prime factors of 9648856.
2, 7, 43, 4007
List the prime factors of 1039699.
19, 54721
List the prime factors of 10466293.
10466293
What are the prime factors of 255901?
17, 15053
List the prime factors of 248447.
248447
What are the prime factors of 296902?
2, 29, 5119
What are the prime factors of 11546941?
7, 727, 2269
What are the prime factors of 4010558?
2, 19, 105541
List the prime factors of 3796642.
2, 43, 131, 337
List the prime factors of 783894.